-5 = u*w - 4*v - 35, 0 = 2*v + 10. Is w a multiple of 2?
True
Let d(a) = 1. Let k(y) = y + 1. Let o(l) = 4*d(l) - 3*k(l). Suppose 10 = 5*z - 4*c, z - 3*c = -0*z + 13. Does 4 divide o(z)?
False
Let i = -3 - -8. Suppose 241 = i*t - 39. Is t a multiple of 15?
False
Let a(b) be the third derivative of -5*b**4/24 - 5*b**2. Is a(-6) a multiple of 10?
True
Let h = 20 - -25. Is 9 a factor of h?
True
Suppose 0 = -5*b - 2*k + 9, b + 3 + 3 = -3*k. Let r = 21 + b. Is r a multiple of 7?
False
Suppose -3*h - 2 = -5, 2*h + 344 = 2*z. Is z a multiple of 38?
False
Let o = 184 + 47. Is 21 a factor of o?
True
Suppose s + 6 + 235 = 2*l, -4*s = -4*l + 488. Is 7 a factor of l?
True
Suppose 2*f = -f - 21. Let y = f - -67. Does 20 divide y?
True
Let n be 2/4 + (-8)/(-16). Suppose 0 = -b - 160 - 45. Is 6 a factor of b/(-20) + n/(-4)?
False
Let j = 31 - -11. Is j a multiple of 13?
False
Suppose -2*s = -2*b - 152, -2*s + 4*s - 3*b = 156. Does 7 divide s?
False
Suppose -m = 3*s, -3*m + 3*s = 30 + 6. Let p be 2/m - (-38)/9. Suppose -y = 2*y, -2*n = p*y - 18. Does 9 divide n?
True
Let n(l) be the third derivative of l**6/120 - l**3/3 - 4*l**2. Is 23 a factor of n(4)?
False
Let m(d) = -d**2 + 17*d + 3. Let n be m(17). Suppose 4 = -2*g, -51 - 22 = -n*w + 2*g. Is w a multiple of 9?
False
Suppose -3*s + 5*x = 284, 2*s - 6*s = 4*x + 400. Let z = -66 - s. Is 16 a factor of z?
True
Let n(d) = -d**3 + d**2 + 5*d - 2. Let b be n(3). Is 1 + 1 + b + 22 a multiple of 7?
False
Let s(r) = r**2 + r - 4. Let f be s(3). Let d be (2/(-4))/((-1)/f). Suppose -28 = -d*n + 3*n. Is n a multiple of 12?
False
Suppose k - 1 - 2 = 0. Let j = 4 - 1. Is k/1*16/j a multiple of 5?
False
Suppose 0 = -2*s + 3 - 45. Let o = -14 - s. Is o a multiple of 7?
True
Let m be (-76)/3 + 2/6. Let v = 40 + m. Is 17 a factor of v/(-10) - (-37)/2?
True
Let n(t) = t**2 + 2*t + 6. Is 12 a factor of n(6)?
False
Let w = 56 + -16. Is w a multiple of 10?
True
Let q(b) = -b - 10. Let y be q(-7). Let r = y - -6. Suppose r*p + 3*o = 21, -4 + 2 = -o. Is p a multiple of 4?
False
Let q(o) = 8*o**2 + 15*o - 10. Does 18 divide q(4)?
False
Let m be (-3 - 0)/((-9)/(-12)). Let s(r) = 13*r**2 + 2*r + 1. Let g be s(-1). Let n = g + m. Does 8 divide n?
True
Is 33 a factor of (-11)/((3 + -2)/(-6))?
True
Suppose 2*h + 5*p = 6*p + 287, -p = 4*h - 589. Is h a multiple of 38?
False
Let u(m) = 11*m**3 + 3*m**2 - 6*m + 5. Is u(2) a multiple of 8?
False
Suppose 3*n = 4*f + 43, -4*n - 2*f - f + 99 = 0. Let o = 66 - n. Is o/(-6)*16/(-10) a multiple of 6?
True
Let p(c) be the second derivative of 0 + 5/6*c**3 + 1/12*c**4 - 3*c + 2*c**2. Does 18 divide p(-7)?
True
Let a(b) = -7*b**2 + 4*b - 10. Let k(u) = 13*u**2 - 7*u + 19. Let s(v) = -11*a(v) - 6*k(v). Let d be s(5). Let f = -25 - d. Does 14 divide f?
True
Let o(b) = 5*b - 7. Is 3 a factor of o(2)?
True
Let s = 151 - 69. Suppose -4*r + s = 2*y, -3*y + r = 4*r - 120. Is 13 a factor of y?
True
Let t = 48 + -81. Suppose -11 = -4*g + 177. Let m = t + g. Is 14 a factor of m?
True
Suppose 427 - 177 = 5*x. Is x a multiple of 8?
False
Let g(w) = 11*w + 6. Is 11 a factor of g(5)?
False
Suppose -p = -11 - 1. Is p a multiple of 4?
True
Let z be 0/2 - (2 + -22). Let n be z/11 - (-4)/22. Suppose -46 + n = -2*r. Does 13 divide r?
False
Is ((-4)/5)/(14/(-2485)) a multiple of 41?
False
Let z(g) = 3*g**2 + 4*g - 9. Let b(y) = y**2 + 6*y. Let r(l) = -l**2 - 7*l. Let k(v) = -6*b(v) - 5*r(v). Let q(p) = -4*k(p) - z(p). Does 27 divide q(8)?
False
Let d(c) = -c**2 - 13*c + 14. Does 11 divide d(-10)?
True
Let m(z) = -z**3 - 6*z**2 - 3*z + 2. Let p = 9 + -15. Let v be m(p). Let d = v - 11. Is d a multiple of 4?
False
Suppose -2*j + 3*p = 0, 2*j - 5*p - 4 = 4. Let v = j + 16. Is v a multiple of 5?
True
Suppose -4*x - 4*z = -9*z - 4, 0 = 2*z + 8. Suppose -4*j + 3*j = -3*a + 11, -5*j = 4*a + 55. Let f = x - j. Does 7 divide f?
True
Let s be 2/(2*(-3)/(-24)). Suppose -4*b + 14 = -3*r, r = 2*b + b - s. Let f(o) = -o**3 + 2*o - 1. Is f(r) a multiple of 3?
True
Suppose 0 = 5*m + 5. Is 18 a factor of 54/(3/6 - m)?
True
Does 5 divide 2*9/(18/8)?
False
Suppose -m = 3*m + 4*l - 296, 3*m = -4*l + 227. Does 14 divide m?
False
Let n be 2/((-93)/87 + 1). Let h = 12 + n. Let p = h - -37. Is p a multiple of 11?
False
Let q(w) = 3*w**2 - 10*w + 5. Is q(8) a multiple of 9?
True
Let y = -3 + 5. Suppose -y*x - 2 = -0*x, 2*x = -a + 4. Suppose 21 = b - g, -4*b - 4*g + 78 = -a*g. Does 9 divide b?
True
Let p(i) = -i**3 + 6*i**2 + i - 3. Let t = 0 - -5. Is 9 a factor of p(t)?
True
Let c = 8 + -7. Let t(u) = 49*u + 1. Does 22 divide t(c)?
False
Let r(q) be the second derivative of 5*q**3/6 - 17*q**2/2 - 2*q. Is 7 a factor of r(9)?
True
Suppose -4*n + 17 = -3. Suppose 4*x + i = 116, -2*x = -3*x + n*i + 8. Is x a multiple of 7?
True
Suppose -3*h - 2*h + 25 = 0. Let m be 1/h + 288/(-15). Let b = m + 41. Is 11 a factor of b?
True
Let n be 6/(-18) + 8/6. Is ((-18)/5)/(n/(-10)) a multiple of 12?
True
Let s = -8 + 9. Let p be 1*(1 - s)/2. Suppose g - 2 - 7 = p. Is 9 a factor of g?
True
Let q be 11/(-3) - 8/(-12). Let b = 6 - q. Suppose b = 2*s - 7. Is 8 a factor of s?
True
Let o be (-15)/3 + 2 + 76. Suppose o - 1 = 2*k. Let c = 52 - k. Is 8 a factor of c?
True
Suppose -3*u - 520 = -11*u. Is u a multiple of 13?
True
Let h(n) = -4*n**3 + 2*n**2 - 6. Does 12 divide h(-3)?
True
Suppose -33 + 6 = -m. Is m a multiple of 14?
False
Let r be 1/(-1) + (-53)/1. Let h = -30 - r. Is h a multiple of 10?
False
Let q(u) = -2*u - 11. Is q(-15) a multiple of 4?
False
Suppose -1 - 11 = -3*j. Suppose 2*v = 8, 4*x = -4*v - 0*v + 52. Let k = j + x. Is 13 a factor of k?
True
Suppose -4*k + 10 = 2*g - 44, -4*g + k = -108. Let o be 1/(2/2) + g. Suppose -o = -6*d + 2*d. Is 6 a factor of d?
False
Let u = 6 - 6. Suppose 2*c + 81 - 199 = u. Is c a multiple of 18?
False
Let c be (-7 + 3)/((-3)/27). Suppose 11*j - 10*j = c. Does 18 divide j?
True
Suppose -33 = 5*l - a, 0 = -3*l + 5*a - 4*a - 21. Let w(c) = -4*c + 4*c - 5 - 3*c. Does 7 divide w(l)?
False
Let i(k) be the second derivative of -k**4/12 - k**3 + 3*k**2/2 - 4*k. Does 8 divide i(-5)?
True
Let u(v) = -v**3 + 2*v**2 + 3*v + 2. Let p be u(3). Let g(s) = -s**3 + s**2 + 2*s - 2. Let m be g(p). Does 24 divide 357/(-14)*1*m?
False
Suppose 0 = 3*k - 5*v - 34, 0 = 5*k - 2*v - 22 - 60. Is k a multiple of 4?
False
Suppose 71 = 4*z - 1. Is 12 a factor of z?
False
Suppose -2*y + 6 + 4 = 0. Is 2 a factor of y?
False
Suppose -d + 2*d - o - 420 = 0, -1680 = -4*d + 2*o. Is d a multiple of 14?
True
Let i be (-2)/1 - (-136)/8. Suppose -t = t - 22. Let q = i - t. Is q a multiple of 4?
True
Let z(b) = -143*b**3 + b**2. Does 35 divide z(-1)?
False
Suppose z = 2*h + 279, 4*h = 4*z - 955 - 165. Does 26 divide z?
False
Let r(h) = 7*h**2 + h + 1. Let p be r(-1). Suppose 5*d = 5, 4*s + d - p = 2*d. Is 17 a factor of (-4 - -5)/(s/64)?
False
Suppose 15 = -s + 4*b, 0 = 4*s + 3*b + b + 140. Let z = -7 - s. Is 11 a factor of z?
False
Let d(q) = -4*q**3 + 5*q**3 + 5*q**2 + 7*q - 3*q + 2 + 0*q. Is d(-3) a multiple of 8?
True
Let v(h) = h**3 - 5*h**2 - h + 7. Let m be v(5). Suppose 4*c = 4*f + 92, 57 = 2*c + m*f - 9. Is 14 a factor of c?
True
Suppose 0 = 2*k + 2*k. Let n(a) = a**2 + a + 25. Is 9 a factor of n(k)?
False
Let s be (-1 + -11)*(-3)/(-6). Let a(i) = i**2 - 2*i - 3. Let v be a(s). Suppose 0*y + 3*c + 18 = 2*y, 2*c = -5*y + v. Is y a multiple of 6?
False
Let b(o) = 2*o**3 + 2*o - 1. Let g be b(1). Suppose 0 = y + g*y - 104. Does 13 divide y?
True
Suppose 5*z + 9*o = 4*o + 40, 2*z = 4*o - 8. Suppose 2*p - 7*p + 49 = 2*f, 140 = 4*f - z*p. Is f a multiple of 9?
False
Suppose 0 = -x - 4*u + 12, -2*x + u + 6 = -0*u. Suppose -2*r - 2*d = -40, -85 + 4 = -x*r - 3*d. Suppose 3*s - 5*s = 5*b - r, -4*s = 8. Is b even?
False
Let b(x) = -3*x - 2. Does 3 divide b(-6)?
False
Let x = -4 - -4. Let u be 0 - x - (0 - -1). Does 4 divide u/(-3) + (-23)/(-3)?
True
Let x = 10 - 6. Suppose x*p - 25 = -5. Suppose -96 = -5*s - 3*w, p*w = -6*s + 3*s + 64. Does 9 divide s?
True
Suppose 8*z - 3*z = 420. Does 17 divide z?
False
Let v be 2 - -1*(3 - 2). Suppose f = 4*f + v*n, -3*f = -3*n - 24. Suppose 3*j = -3*r - 2*j + 64, -8 = -f*j. Does 18 divide r?
True
Let v(t) = -t + 6. Let q be v(0). Let a = 10 - q. Suppose 0 = -2*l + a*l - 66. Is l a multiple of 18?
False
Suppose -x = 